{"id":131,"date":"2019-05-13T11:02:01","date_gmt":"2019-05-13T09:02:01","guid":{"rendered":"http:\/\/213.32.0.130\/imks.fr\/?page_id=131"},"modified":"2025-01-30T12:10:23","modified_gmt":"2025-01-30T11:10:23","slug":"mentions-legales","status":"publish","type":"page","link":"https:\/\/imks.fr\/index.php\/mentions-legales\/","title":{"rendered":"Mentions l\u00e9gales"},"content":{"rendered":"\r\n<h2 class=\"wp-block-heading\">PROPRI\u00c9TAIRE :<\/h2>\r\n\r\n\r\n\r\n<p>MUTLU Barbaros &#8211; IMKS<\/p>\r\n\r\n\r\n\r\n<p>06.03.86.23.87<\/p>\r\n\r\n\r\n\r\n<h2 class=\"wp-block-heading\">EDITEUR :<\/h2>\r\n\r\n\r\n\r\n<p>Christel Ehrhart &#8211; CE SOFT<br \/>28 route du Vin<br \/>68920 WETTOLSHEIM<br \/><a href=\"http:\/\/www.ce-soft.info\/\">www.ce-soft.info<\/a><\/p>\r\n\r\n\r\n\r\n<h2 class=\"wp-block-heading\">H\u00c9BERGEMENT DU SITE :<\/h2>\r\n\r\n\r\n\r\n<p>Le site est h\u00e9berg\u00e9 par :<br \/>OVH<br \/>2 rue Kellermann<br \/>59100 Roubaix<br \/>France<\/p>\r\n\r\n\r\n\r\n<h2 class=\"wp-block-heading\">IMPORTANT :<\/h2>\r\n\r\n\r\n\r\n<p>Les droits de propri\u00e9t\u00e9 intellectuelle aff\u00e9rents au site imks.fr appartiennent \u00e0 \u00a0Barbaros MUTLU.<br \/>Toute utilisation, reproduction, diffusion, commercialisation, modification de toute ou partie du site, sans l\u2019autorisation de <br \/>Barbaros MUTLU est prohib\u00e9e et pourra entra\u00eener des actions et poursuites judiciaires telles que notamment pr\u00e9vues par le code de la propri\u00e9t\u00e9 intellectuelle et\/ou le code civil.<\/p>\r\n\r\n\r\n\r\n<p>&nbsp;<\/p>\r\n","protected":false},"excerpt":{"rendered":"<p>PROPRI\u00c9TAIRE : MUTLU Barbaros &#8211; IMKS 06.03.86.23.87 EDITEUR : Christel Ehrhart &#8211; CE SOFT28 route du Vin68920 WETTOLSHEIMwww.ce-soft.info H\u00c9BERGEMENT DU SITE : Le site est h\u00e9berg\u00e9 par :OVH2 rue Kellermann59100 RoubaixFrance IMPORTANT : Les droits de propri\u00e9t\u00e9 intellectuelle aff\u00e9rents au site imks.fr appartiennent \u00e0 \u00a0Barbaros MUTLU.Toute utilisation, reproduction, diffusion, commercialisation, [&hellip;]<\/p>\n","protected":false},"author":1,"featured_media":0,"parent":0,"menu_order":0,"comment_status":"closed","ping_status":"closed","template":"","meta":{"footnotes":""},"class_list":["post-131","page","type-page","status-publish","hentry"],"yoast_head":"<!-- This site is optimized with the Yoast SEO plugin v26.6 - https:\/\/yoast.com\/wordpress\/plugins\/seo\/ -->\n<title>Mentions l\u00e9gales - IMKS<\/title>\n<meta name=\"robots\" content=\"index, follow, max-snippet:-1, max-image-preview:large, max-video-preview:-1\" \/>\n<link rel=\"canonical\" href=\"https:\/\/imks.fr\/index.php\/mentions-legales\/\" \/>\n<meta property=\"og:locale\" content=\"fr_FR\" \/>\n<meta property=\"og:type\" content=\"article\" \/>\n<meta property=\"og:title\" content=\"Mentions l\u00e9gales - IMKS\" \/>\n<meta property=\"og:description\" content=\"PROPRI\u00c9TAIRE : MUTLU Barbaros &#8211; IMKS 06.03.86.23.87 EDITEUR : Christel Ehrhart &#8211; CE SOFT28 route du Vin68920 WETTOLSHEIMwww.ce-soft.info H\u00c9BERGEMENT DU SITE : Le site est h\u00e9berg\u00e9 par :OVH2 rue Kellermann59100 RoubaixFrance IMPORTANT : Les droits de propri\u00e9t\u00e9 intellectuelle aff\u00e9rents au site imks.fr appartiennent \u00e0 \u00a0Barbaros MUTLU.Toute utilisation, reproduction, diffusion, commercialisation, [&hellip;]\" \/>\n<meta property=\"og:url\" content=\"https:\/\/imks.fr\/index.php\/mentions-legales\/\" \/>\n<meta property=\"og:site_name\" content=\"IMKS\" \/>\n<meta property=\"article:publisher\" content=\"https:\/\/www.facebook.com\/imkscolmar\/\" \/>\n<meta property=\"article:modified_time\" content=\"2025-01-30T11:10:23+00:00\" \/>\n<meta name=\"twitter:card\" content=\"summary_large_image\" \/>\n<meta name=\"twitter:label1\" content=\"Dur\u00e9e de lecture estim\u00e9e\" \/>\n\t<meta name=\"twitter:data1\" content=\"1 minute\" \/>\n<script type=\"application\/ld+json\" class=\"yoast-schema-graph\">{\"@context\":\"https:\/\/schema.org\",\"@graph\":[{\"@type\":\"WebPage\",\"@id\":\"https:\/\/imks.fr\/index.php\/mentions-legales\/\",\"url\":\"https:\/\/imks.fr\/index.php\/mentions-legales\/\",\"name\":\"Mentions l\u00e9gales - IMKS\",\"isPartOf\":{\"@id\":\"https:\/\/imks.fr\/#website\"},\"datePublished\":\"2019-05-13T09:02:01+00:00\",\"dateModified\":\"2025-01-30T11:10:23+00:00\",\"breadcrumb\":{\"@id\":\"https:\/\/imks.fr\/index.php\/mentions-legales\/#breadcrumb\"},\"inLanguage\":\"fr-FR\",\"potentialAction\":[{\"@type\":\"ReadAction\",\"target\":[\"https:\/\/imks.fr\/index.php\/mentions-legales\/\"]}]},{\"@type\":\"BreadcrumbList\",\"@id\":\"https:\/\/imks.fr\/index.php\/mentions-legales\/#breadcrumb\",\"itemListElement\":[{\"@type\":\"ListItem\",\"position\":1,\"name\":\"Accueil\",\"item\":\"https:\/\/imks.fr\/\"},{\"@type\":\"ListItem\",\"position\":2,\"name\":\"Mentions l\u00e9gales\"}]},{\"@type\":\"WebSite\",\"@id\":\"https:\/\/imks.fr\/#website\",\"url\":\"https:\/\/imks.fr\/\",\"name\":\"IMKS\",\"description\":\"Club de Karat\u00e9 de Colmar\",\"publisher\":{\"@id\":\"https:\/\/imks.fr\/#organization\"},\"potentialAction\":[{\"@type\":\"SearchAction\",\"target\":{\"@type\":\"EntryPoint\",\"urlTemplate\":\"https:\/\/imks.fr\/?s={search_term_string}\"},\"query-input\":{\"@type\":\"PropertyValueSpecification\",\"valueRequired\":true,\"valueName\":\"search_term_string\"}}],\"inLanguage\":\"fr-FR\"},{\"@type\":\"Organization\",\"@id\":\"https:\/\/imks.fr\/#organization\",\"name\":\"IMKS\",\"url\":\"https:\/\/imks.fr\/\",\"logo\":{\"@type\":\"ImageObject\",\"inLanguage\":\"fr-FR\",\"@id\":\"https:\/\/imks.fr\/#\/schema\/logo\/image\/\",\"url\":\"https:\/\/imks.fr\/wp-content\/uploads\/2019\/03\/Logo-man-IMKS.png\",\"contentUrl\":\"https:\/\/imks.fr\/wp-content\/uploads\/2019\/03\/Logo-man-IMKS.png\",\"width\":164,\"height\":160,\"caption\":\"IMKS\"},\"image\":{\"@id\":\"https:\/\/imks.fr\/#\/schema\/logo\/image\/\"},\"sameAs\":[\"https:\/\/www.facebook.com\/imkscolmar\/\"]}]}<\/script>\n<!-- \/ Yoast SEO plugin. -->","yoast_head_json":{"title":"Mentions l\u00e9gales - IMKS","robots":{"index":"index","follow":"follow","max-snippet":"max-snippet:-1","max-image-preview":"max-image-preview:large","max-video-preview":"max-video-preview:-1"},"canonical":"https:\/\/imks.fr\/index.php\/mentions-legales\/","og_locale":"fr_FR","og_type":"article","og_title":"Mentions l\u00e9gales - IMKS","og_description":"PROPRI\u00c9TAIRE : MUTLU Barbaros &#8211; IMKS 06.03.86.23.87 EDITEUR : Christel Ehrhart &#8211; CE SOFT28 route du Vin68920 WETTOLSHEIMwww.ce-soft.info H\u00c9BERGEMENT DU SITE : Le site est h\u00e9berg\u00e9 par :OVH2 rue Kellermann59100 RoubaixFrance IMPORTANT : Les droits de propri\u00e9t\u00e9 intellectuelle aff\u00e9rents au site imks.fr appartiennent \u00e0 \u00a0Barbaros MUTLU.Toute utilisation, reproduction, diffusion, commercialisation, [&hellip;]","og_url":"https:\/\/imks.fr\/index.php\/mentions-legales\/","og_site_name":"IMKS","article_publisher":"https:\/\/www.facebook.com\/imkscolmar\/","article_modified_time":"2025-01-30T11:10:23+00:00","twitter_card":"summary_large_image","twitter_misc":{"Dur\u00e9e de lecture estim\u00e9e":"1 minute"},"schema":{"@context":"https:\/\/schema.org","@graph":[{"@type":"WebPage","@id":"https:\/\/imks.fr\/index.php\/mentions-legales\/","url":"https:\/\/imks.fr\/index.php\/mentions-legales\/","name":"Mentions l\u00e9gales - IMKS","isPartOf":{"@id":"https:\/\/imks.fr\/#website"},"datePublished":"2019-05-13T09:02:01+00:00","dateModified":"2025-01-30T11:10:23+00:00","breadcrumb":{"@id":"https:\/\/imks.fr\/index.php\/mentions-legales\/#breadcrumb"},"inLanguage":"fr-FR","potentialAction":[{"@type":"ReadAction","target":["https:\/\/imks.fr\/index.php\/mentions-legales\/"]}]},{"@type":"BreadcrumbList","@id":"https:\/\/imks.fr\/index.php\/mentions-legales\/#breadcrumb","itemListElement":[{"@type":"ListItem","position":1,"name":"Accueil","item":"https:\/\/imks.fr\/"},{"@type":"ListItem","position":2,"name":"Mentions l\u00e9gales"}]},{"@type":"WebSite","@id":"https:\/\/imks.fr\/#website","url":"https:\/\/imks.fr\/","name":"IMKS","description":"Club de Karat\u00e9 de Colmar","publisher":{"@id":"https:\/\/imks.fr\/#organization"},"potentialAction":[{"@type":"SearchAction","target":{"@type":"EntryPoint","urlTemplate":"https:\/\/imks.fr\/?s={search_term_string}"},"query-input":{"@type":"PropertyValueSpecification","valueRequired":true,"valueName":"search_term_string"}}],"inLanguage":"fr-FR"},{"@type":"Organization","@id":"https:\/\/imks.fr\/#organization","name":"IMKS","url":"https:\/\/imks.fr\/","logo":{"@type":"ImageObject","inLanguage":"fr-FR","@id":"https:\/\/imks.fr\/#\/schema\/logo\/image\/","url":"https:\/\/imks.fr\/wp-content\/uploads\/2019\/03\/Logo-man-IMKS.png","contentUrl":"https:\/\/imks.fr\/wp-content\/uploads\/2019\/03\/Logo-man-IMKS.png","width":164,"height":160,"caption":"IMKS"},"image":{"@id":"https:\/\/imks.fr\/#\/schema\/logo\/image\/"},"sameAs":["https:\/\/www.facebook.com\/imkscolmar\/"]}]}},"_links":{"self":[{"href":"https:\/\/imks.fr\/index.php\/wp-json\/wp\/v2\/pages\/131","targetHints":{"allow":["GET"]}}],"collection":[{"href":"https:\/\/imks.fr\/index.php\/wp-json\/wp\/v2\/pages"}],"about":[{"href":"https:\/\/imks.fr\/index.php\/wp-json\/wp\/v2\/types\/page"}],"author":[{"embeddable":true,"href":"https:\/\/imks.fr\/index.php\/wp-json\/wp\/v2\/users\/1"}],"replies":[{"embeddable":true,"href":"https:\/\/imks.fr\/index.php\/wp-json\/wp\/v2\/comments?post=131"}],"version-history":[{"count":3,"href":"https:\/\/imks.fr\/index.php\/wp-json\/wp\/v2\/pages\/131\/revisions"}],"predecessor-version":[{"id":1297,"href":"https:\/\/imks.fr\/index.php\/wp-json\/wp\/v2\/pages\/131\/revisions\/1297"}],"wp:attachment":[{"href":"https:\/\/imks.fr\/index.php\/wp-json\/wp\/v2\/media?parent=131"}],"curies":[{"name":"wp","href":"https:\/\/api.w.org\/{rel}","templated":true}]}}